7
Let o(r) = 3*r**2 - 3*r - 3. Let p be o(4). Let d = -8 + p. List the prime factors of d.
5
Suppose -4*c = -c + 5*a + 12, 0 = 4*a + 12. Let k = 6 + c. What are the prime factors of k?
7
Let d = 10 + -2. What are the prime factors of d?
2
Let k(f) be the first derivative of 2*f**3/3 - 3*f**2/2 + f + 2. What are the prime factors of k(3)?
2, 5
Suppose -r + 19 + 34 = -5*k, 0 = r - 4*k - 48. What are the prime factors of r?
2, 7
Let l(t) = -t**2 - 6*t - 5. Let y(u) = -u**2 - 6*u + 9. Let c be y(-7). Suppose -3*o = 2*i - 1, -i + 3*o - c - 11 = 0. What are the prime factors of l(i)?
3
Let p = 1 - 0. Let c = p - -4. Suppose -4*o + c + 39 = 0. List the prime factors of o.
11
Let q(b) = b + 1. Let m(z) = 0*z + 0*z - 5*z + 1 - 3*z. Let u(i) = m(i) + 4*q(i). List the prime factors of u(-4).
3, 7
Let b be 12/(-16) + 6/8. Suppose -2*d + 4*d - 18 = b. List the prime factors of d.
3
Suppose 2*v + 2*d - 24 = 0, -3*v + d = -0*v - 44. What are the prime factors of v?
2, 7
Let w be ((-2)/2)/(3/30). Let m = -7 - w. What are the prime factors of m?
3
Suppose -a + 2 = -2*n + 13, 26 = 4*n + 2*a. Let r be (4/n)/((-4)/6). What are the prime factors of 0 + 1/r - -16?
3, 5
Let p be 1 - 2/(-2) - 6. Let s = p - -4. Suppose -2*w = -o - s*o + 9, 0 = -4*o - 2*w + 16. List the prime factors of o.
5
Let r = -184 + 271. List the prime factors of r.
3, 29
Let z(a) = 2*a**2 + 2*a - 5. List the prime factors of z(8).
139
Let i be (0 - -3) + -2 + 4. What are the prime factors of 21 - (-3 + 0 + i)?
19
Suppose -5*r = -r - 20. Suppose -3 - 1 = 4*x, r*s + 5*x - 40 = 0. List the prime factors of s.
3
Let b(g) be the third derivative of g**5/30 - g**4/3 + 5*g**3/6 - 3*g**2. What are the prime factors of b(5)?
3, 5
Let k(g) = g - 13. Let n be k(9). List the prime factors of n/(-20) - (-34)/5.
7
Let p(w) = -35*w - 2. What are the prime factors of p(-1)?
3, 11
Let l = -2 - -5. Suppose l*p - t = -2*p + 52, 5*p - 60 = 5*t. Suppose -5*j = -w - 29, -3*j - p = -j + 5*w. List the prime factors of j.
5
Suppose 4*x = -4*p, 0 = p + x - 3*x - 9. Suppose 2*u = q + 1 - 2, p*q = -u + 17. List the prime factors of u.
2
Suppose n - 5*y - 244 = -n, 0 = -n - 2*y + 104. List the prime factors of n.
2, 7
Let z(u) = -u - 4. Let y be z(-6). Let o(h) = h - 1. Let x be o(y). Suppose -4*p + x + 27 = 0. What are the prime factors of p?
7
List the prime factors of ((-9)/(-18))/((5/66)/5).
3, 11
Let s(w) = -w**3 - 7*w**2 + 8*w + 7. Let n be s(-8). Let x = 0 + n. Let q = 12 - x. What are the prime factors of q?
5
Suppose 4*j - 50 = -f, -f = -j + f + 8. What are the prime factors of j?
2, 3
Suppose 0 = -6*d + 92 + 538. What are the prime factors of d?
3, 5, 7
Let z = -359 + 632. List the prime factors of z.
3, 7, 13
Suppose 0 = -6*a - 14*a + 3860. List the prime factors of a.
193
Let o(l) be the third derivative of -l**6/120 + l**5/15 + l**4/8 - l**3/2 + l**2. Let i = 28 + -26. List the prime factors of o(i).
11
Let i = -16 + 20. List the prime factors of i.
2
Suppose 2*g + 2 = g. Suppose 2*i + 4 = 3*i - x, -2*x = -5*i + 26. Let k = i + g. List the prime factors of k.
2
Suppose -j = 4 - 2. Suppose -4*o = -16 + 4. List the prime factors of 11/o + j/(-6).
2
Suppose d - 3*x - 85 = -6*x, -4*d - 4*x + 356 = 0. List the prime factors of d.
7, 13
Let v(h) = -27*h + 3. List the prime factors of v(-5).
2, 3, 23
Suppose -3*k + 4 = -20. Let z be -2 - 0*(-2)/4. Let s = z + k. List the prime factors of s.
2, 3
Let x be -4 + 6 + -3 + 3. Suppose q + x = 5. What are the prime factors of q?
3
Suppose 0 = 4*v + 2*b - 80 + 714, -2*b = 3*v + 477. List the prime factors of v/(-5) + 2/(-5).
31
Let x(v) = -2*v**2 + 6*v**2 + 4*v - v**3 + 2*v**2 - 2. Let b(g) = g**2 + 5*g - 8. Let c be b(-7). What are the prime factors of x(c)?
2, 11
Suppose 0 = m - 18 - 30. Let t = -33 + m. List the prime factors of t.
3, 5
Suppose -36 = 4*k - 8*k. List the prime factors of k.
3
Let r(i) = -2*i + 6*i**2 + 3*i**3 - i - 4*i**3 + 0 - 2. List the prime factors of r(3).
2
Suppose 4*w - 83 = -w + 3*c, 5*w + 2*c = 103. Suppose 4*r - w = 29. List the prime factors of r.
2, 3
Let k(a) = 10*a. Let y(p) = -p + 1. Let o(t) = k(t) - 2*y(t). List the prime factors of o(2).
2, 11
Let j(a) = a**3 - 2*a**2 - 4. Let r(n) = 2*n**3 + 1. Let g be r(1). Let p be j(g). Suppose -16 = -p*q - 2*f, q - f = -4*f + 11. What are the prime factors of q?
2
Let n(o) = o**2 - 2*o - 2. Let x be n(-2). Suppose -x = 3*b - 0. Let h(v) = 4*v**2 + 3*v + 1. What are the prime factors of h(b)?
11
Let a(r) = -r + 4. Let z be a(6). List the prime factors of z/(-4) - 156/(-8).
2, 5
Let o = 129 + -47. List the prime factors of o.
2, 41
Suppose 2*s - 1 - 7 = 0. Let l be 85/(-2)*24/(-30). Suppose 4 = 2*g + 2*c, 2*g + 0*c - l = s*c. List the prime factors of g.
7
Suppose 3*v = -0 + 3. List the prime factors of ((-36)/21)/(v/(-7)).
2, 3
Suppose 5*g + k - 147 - 90 = 0, 43 = g - 2*k. What are the prime factors of g?
47
Let p = -9 - -3. Let b(i) = 3*i - 6. Let k be b(6). Let g = k + p. What are the prime factors of g?
2, 3
Let k(l) = l**3 - l**2 - l. Let h be k(-2). Let x be (h/3)/((-1)/(-3)). List the prime factors of (-24)/x*20/8.
2, 3
Let u = 3 + 3. Let g = u - -5. What are the prime factors of g?
11
Let h = 1 - -1. Suppose h*u - 3*u = 29. Let v = -18 - u. What are the prime factors of v?
11
Suppose 5*b - 26 = 4. Let j(p) = -2*p + 2. Let t be j(b). List the prime factors of (-4)/t - 190/(-25).
2
What are the prime factors of 50/4*12/5?
2, 3, 5
Let d(u) be the first derivative of -u**4/4 + u**3 + u**2/2 - u + 3. Let n be d(2). Suppose 0*i + n*v - 41 = -4*i, i = -5*v - 1. List the prime factors of i.
2, 7
Suppose -9*y + 74 = -106. List the prime factors of y.
2, 5
Let u = -64 - -86. List the prime factors of u.
2, 11
What are the prime factors of (-5)/10 + (-83)/(-2)?
41
Let n = -6 - -56. Suppose 2 = 4*z - n. What are the prime factors of z?
13
Let d = -6 + 5. Let l be -58*d/2 - -1. Suppose 0*r - 3*r = -l. List the prime factors of r.
2, 5
Let q be ((-5)/10)/(2/(-144)). Let p be 302/(-18) + (-8)/q. Let b = -5 - p. List the prime factors of b.
2, 3
What are the prime factors of 96/20*20/8?
2, 3
Suppose -2*t - 5*f = -11, -2*t - 3*f + 2 = -f. What are the prime factors of (12/16 - t)*4?
11
Suppose 74 = 5*g - 1. What are the prime factors of g?
3, 5
Suppose -2*h + 36 = -14. What are the prime factors of h?
5
Suppose 0 = c - 1 - 9. List the prime factors of c.
2, 5
Let g = -29 - -39. List the prime factors of g.
2, 5
Suppose 0 = -2*a - 5*p + 9, -1 = a - 3*p. Suppose y - 5 = -0*y. Suppose 32 = 4*b - a*n, -5*b + 2*n + y = -37. What are the prime factors of b?
2, 5
Let p = -76 + 136. What are the prime factors of p?
2, 3, 5
Suppose -3*l + 3 = 3*x, -2*x + l - 4 = 5*l. Suppose 5*f = x*f + 5. Suppose -f*p + 29 = -16. List the prime factors of p.
3
Suppose a + 161 = 2*w, 2*w + 0*w - 5*a = 149. List the prime factors of w/6 + 8/(-12).
13
Let i = 11 - 8. Suppose r + 28 = i*r. What are the prime factors of r?
2, 7
Let t(o) = -2*o**3 + o**2 + 3*o - 1. Let s be t(2). Let d(j) = -j + 7. Let a(k) = -1. Let u(w) = a(w) + d(w). List the prime factors of u(s).
13
Let u = -93 - -53. Let s = 61 + u. Suppose -4*g - 3*h + 0*h = -63, g - h = s. List the prime factors of g.
2, 3
Let p = 53 + 49. List the prime factors of p.
2, 3, 17
Suppose 13 = j - 27. What are the prime factors of j?
2, 5
Let n(m) = -m**2 - 6*m + 4. Let k be n(-8). Let y = 20 - -4. Let p = y + k. What are the prime factors of p?
2, 3
Let n = -124 - -186. List the prime factors of n.
2, 31
Suppose f + 19 = -9. Suppose 2*i + 5*x - 57 = -0*i, 0 = -i - 5*x + 16. Let w = f + i. What are the prime factors of w?
13
Suppose 3*g - 2*g - 36 = 0. List the prime factors of g.
2, 3
Suppose -15 = -7*k + 2*k. Suppose -2*p = v + 3*p - 46, 3*v + p - 96 = 0. Suppose 0 = -3*m + k*y + 36, -y - 9 = -3*m + v. What are the prime factors of m?
2, 7
Suppose 0 = -3*z + 115 + 50. List the prime factors of z.
5, 11
Let c = -65 + 146. List the prime factors of c.
3
Let z be (-9)/(-3) - (0 + 3). Let k = 1 + z. What are the prime factors of (-1)/(3/(-12)) - k?
3
Let t(m) = 2*m + 1. Let y be t(9). Let q = y - 10. What are the prime factors of q?
3
Let b(p) = 40*p + 4. Let y be b(4). Suppose 3*h - y = -2*h - 2*n, -h + n + 30 = 0. Suppose h - 7 = 5*m. What are the prime factors of m?
5
What are t